- 29805 = 4*s. What are the prime factors of s?
5, 1987
Let q = -98239 - -186763. What are the prime factors of q?
2, 3, 2459
Let c = 29065 + -10658. What are the prime factors of c?
79, 233
Let h = -731 + 735. Let w be 2/8 + (-9)/4. What are the prime factors of 6/h - 113/w?
2, 29
Suppose 8*g + 71023 - 174575 = 0. List the prime factors of g.
2, 809
What are the prime factors of 1*(-179688)/(1 - 9)?
3, 7487
Let m be (-87996)/(-28) + 6/21. List the prime factors of 4 - (m/(-7) + -7).
2, 5, 23
Let q(c) = -3840*c**3 - 282*c**2 - 562*c. List the prime factors of q(-2).
2, 7, 1097
Suppose -57*q + 89836 = -94103. What are the prime factors of q?
7, 461
Let y = 137 + -105. Let n(w) = -y*w**2 + 103*w**2 + 1 - w + 113*w**2. What are the prime factors of n(1)?
2, 23
Suppose -13*k + 142 = -118. Suppose 3*p - 4*y + 28 + k = 0, -2*y + 6 = 0. List the prime factors of (-2)/p - (-476)/24.
2, 5
Let v = 71 - 61. List the prime factors of 1043/28 + v/(-8) + 2.
2, 19
Suppose 6*n - 328 = 10*n. Let k = n - -151. What are the prime factors of k?
3, 23
Suppose 445*g - 359*g = 1700392. What are the prime factors of g?
2, 4943
Suppose -5*c + 25 = 0, -3*l + 25*c - 23*c = -16985. List the prime factors of l.
5, 11, 103
What are the prime factors of (-8)/(-12 - -13) + 20679?
7, 2953
Suppose 2*x + 13 = 5*y, -5 = -5*x - 4*y - 21. Let g(d) = 13 + 41*d**3 - 43*d**3 - 5*d**2 - 11. What are the prime factors of g(x)?
2, 5
Let k = -91 - -106. Suppose 16*r = k*r + 132. List the prime factors of r.
2, 3, 11
Let a(k) = -k**3 + 3*k**2 + 11*k - 7. Suppose -8 = -2*s + 4*s, -2*m - 4*s = 6. Let n be a(m). What are the prime factors of 5/n*(2 - 22)?
2, 5
Suppose 3*t + r = 98429, 4*r + 175361 - 11324 = 5*t. What are the prime factors of t?
7, 43, 109
Suppose -2528900 - 2958403 = -139*b. List the prime factors of b.
3, 13159
Let z(p) = -78*p - 67. Let s be z(-27). Let x = 14 + s. What are the prime factors of x?
2053
Let m(p) = -207*p - 102. Let i be 1 + ((-6)/(-4))/(5/(-20)). Let s(w) = -59*w - 29. Let g(d) = i*m(d) + 18*s(d). What are the prime factors of g(-6)?
2, 3, 5
Suppose -2*w = 2*m - 34, -20 = -3*w - w. Suppose 0 = 55*n - m*n - 16125. List the prime factors of n.
3, 5
Let t be 69*(4 - 70/15). What are the prime factors of t/253 - 28670/(-22)?
1303
Let g = -8866 + 17014. What are the prime factors of g?
2, 3, 7, 97
Let o be 3/6*13 - 2/4. Let w be ((-2)/o)/((-4)/72). Let h(j) = 2*j**3 - 7*j**2 - 7*j + 3. What are the prime factors of h(w)?
3, 47
Let v(j) = j**2 - 6*j - 5. Let f be v(-3). Suppose 0 = -5*r - 5*x - 23 - f, 27 = -3*r - x. List the prime factors of ((-246)/r + 4)*3.
2, 47
Let r(j) = 22*j**3 + j**2 - 10*j - 10. Let s be r(4). Suppose 3*d + 2*u = s, 2*u = -4*d + 225 + 1605. List the prime factors of d.
2, 3, 19
Suppose 9*h = -31 + 229. Suppose -h*y = 6*y - 11032. What are the prime factors of y?
2, 197
Let d(p) = -2*p**2 - 23*p - 64. Let k be d(-14). Let g = k + 697. What are the prime factors of g?
563
Let n = -151 - -151. Let a(z) = -z**3 - z**2 + 2*z + 614. List the prime factors of a(n).
2, 307
Let u(g) = g**2 - 12*g + 15. Let j be 30*6/(-15)*-1. Let r be u(j). Let c = r - -36. List the prime factors of c.
3, 17
Suppose 3*p = 4*p, 3*p = -4*z + 40. Suppose -180 - 110 = -z*r. What are the prime factors of r?
29
Suppose -144 = -15*j + 13*j. Let f(b) = 71 + b - 136 + j. What are the prime factors of f(-2)?
5
Let r = 3191 + -3188. Suppose g + a - 128 = 62, -170 = -g - 5*a. What are the prime factors of (-4*g/(-18))/(2/r)?
5, 13
Let p = 755 - 422. Suppose 0 = -9*x + p - 99. What are the prime factors of x?
2, 13
Suppose 0 = 27*r - 26*r + 4*d - 21289, -63822 = -3*r + 3*d. List the prime factors of r.
21277
Let g(l) = -l**3 + 4*l**2 + 6*l + 48. List the prime factors of g(0).
2, 3
Suppose 3*h - 22 = 5*u, 4*h - 5*u = 16 + 5. Let d be h - 5/(-4) - (-21869)/76. Suppose 36*g = 40*g - d. What are the prime factors of g?
2, 3
Let r(s) = -191*s + 6456. List the prime factors of r(-63).
3, 6163
Suppose -m = b + 3*m + 8, -3*b + 2*m + 18 = 0. Suppose -31310 = b*l - 35*l. List the prime factors of l.
2, 5, 101
Suppose -409571 - 866768 = -93*w + 169253. List the prime factors of w.
2, 29, 67
Let h(m) = 305*m**2 + m - 2. Let r be h(1). List the prime factors of 135/(-10)*r/(-6).
2, 3, 19
Let j = 12756 - 9286. List the prime factors of j.
2, 5, 347
Let h(s) be the first derivative of -89*s**2/2 + 4*s + 77. What are the prime factors of h(-5)?
449
Let j = -22867 + 89224. List the prime factors of j.
3, 73, 101
Let t be 21/(-28) + 2915/4. Let f = t - 437. What are the prime factors of f?
3, 97
Suppose -356 - 296 = 2*k. Let x = -166 - k. List the prime factors of x.
2, 5
Suppose 5*n - 23 = 12. Suppose -2*a - 2186 = -n*a - 2*g, 430 = a + 4*g. Suppose h - 3*h + a = -z, 2*z = 2*h - 442. What are the prime factors of h?
7, 31
Let p(m) = 3*m + 4. Suppose -2*x = 2*v - 16, -39 = -5*v + 2*x - 6*x. Let d be (10 + -3)/(-6 + v). What are the prime factors of p(d)?
5
Let i = 98719 - 46562. List the prime factors of i.
7, 7451
Let u be (-440)/(-40) + 2 + -1. What are the prime factors of (8/u)/(2/714)?
2, 7, 17
Let i(r) = -1202*r + 1793. List the prime factors of i(-8).
3, 3803
What are the prime factors of 2*(2 - 1)*2*(-312596)/(-136)?
2, 4597
Let q = -351 - -361. Suppose -q*w + 6528 = -2*w. List the prime factors of w.
2, 3, 17
Let f(r) = -2*r**3 + 23*r**2 + 12*r + 5. Let s be f(12). List the prime factors of 5 + (252 - s) + 1.
11, 23
Suppose -3*r + 44 = -h, -r - 6 + 22 = -h. Suppose 0 = -4*w - 2 + r. Suppose 0 = w*v - 12 - 309. List the prime factors of v.
107
Let f be 6 - 3 - (-2)/(2/(-27)). List the prime factors of f/36*(-1059)/2.
353
Let y be (-1)/(-1) + (-10 - 3) + 2. Let l be (-431)/(-2) + y/(-20). Suppose 0 = 3*a + 3*a - l. What are the prime factors of a?
2, 3
Suppose 1001123 = 76*w + 142855. What are the prime factors of w?
23, 491
Let w(l) be the third derivative of -l**5/30 + 5*l**4/4 - 14*l**3/3 - l**2. Let j be 17 + 10/((-12)/10 - 24/30). What are the prime factors of w(j)?
2, 11
Suppose 0 = 2*x - l - 455 - 24392, -6*l + 49718 = 4*x. What are the prime factors of x?
5, 7, 71
What are the prime factors of -5442*(-4)/3*(-1 + 2)?
2, 907
Let x(z) = -z**2 + 6*z + 3. Let r(d) = 1. Let p(q) = 2*r(q) - x(q). Let f be p(5). What are the prime factors of (4/f)/(1028/(-342) + 3)?
2, 3, 19
Suppose 9*h - 143976 = 25296. List the prime factors of h.
2, 2351
Suppose -3*h = -4*a - 93886, 0 = 2*h + 2*a + 8278 - 70878. What are the prime factors of h?
2, 15649
Let j be 6*(-6 - 215/(-15)). Let m = j + 125. List the prime factors of m.
5, 7
Let y(h) = -40*h**2 - 41 - 5*h + 43*h**2 - 8*h + 3*h. What are the prime factors of y(-9)?
2, 73
Let t be -1*2*-1 + 2. Let j be 3/2 - 30/20. Suppose j = 5*b - 0*v + 4*v - 31, -t*v + 7 = -3*b. List the prime factors of b.
3
Suppose -3*l - 22 - 2 = 0. Let r be 6/l - (-95)/20. Suppose 19 = 4*p - r*g - 197, p + g = 52. List the prime factors of p.
53
Let p = -120 + 124. Suppose 0*m + 4*a = -3*m + 24, 0 = 4*m + p*a - 32. List the prime factors of (m/4 + -1)*(-1 - -74).
73
Suppose 4*x + 72 = -2*q, 0 = 2*q + 3*x + 54 + 20. Let u = 84 + q. List the prime factors of u.
2, 11
Suppose -323*o - 871037 + 8486085 = 0. List the prime factors of o.
2, 7, 421
Let p(n) = 60*n**2 - 11*n - 14. Suppose 3*k + 5*x + 14 = 2*k, -3*x + 12 = 4*k. Let f be p(k). Suppose 0 = -8*i + f - 632. What are the prime factors of i?
181
Let w(x) = -x**3 + 5*x**2 + 4*x + 14. Let f(j) = 3*j**3 - 14*j**2 - 13*j - 43. Let s(n) = -3*f(n) - 8*w(n). List the prime factors of s(-6).
263
Suppose -3*n + 5*n - 38 = 0. Suppose -2*s - n = -3*s. Suppose 41 = 3*a + 2*x, a - x = -3*x + s. What are the prime factors of a?
11
Let a(r) = -32*r**2 - 4*r + 6. Let m be a(2). Let u = 249 + m. List the prime factors of u.
7, 17
Let g = 15829 - 7018. List the prime factors of g.
3, 11, 89
Suppose -4*p = -12, x = -0*x + 2*p - 4. Suppose 4*r = -x*r + 18. Suppose 61 = r*m - 2*t - 2*t, 74 = 4*m + 2*t. List the prime factors of m.
19
Suppose 4*v + 12*v = 8*v + 212056. What are the prime factors of v?
13, 2039
List the prime factors of (-217)/558 + (-2)/(-4) + (-85211)/(-9).
2, 3, 263
Suppose -5*f - 11935 = -a, -2*a - 39*f + 23884 = -42*f. List the prime factors of a.
5, 2389
Let y(m) = -138*m + 2. Let g(j) = j**2 + 9*j - 95. Let v be 